of -6 - (4 + (-6 - -13) + -12 + -12)?
7
(34 - 13) + (50 - -12) + -8
75
What is the value of -134 + 2 - (1100 - 1202)?
-30
Evaluate (0 + 12 - (286 + -262)) + (0 - -6) - -18.
12
1 + -21 + (-22 - -29) + (138 - 153)
-28
Calculate (-138 - 105) + 233 + (1 - 1) + -23.
-33
(10 + -9 - 37) + 12 + 79
55
Calculate 11 + -3 + (18 + -10 + -9 - -4).
11
Calculate 56 + (-113 - -74) - (0 + -2 + 18) - 5.
-4
What is 65 - (-92 + (-96 - -301))?
-48
(83 - 5) + -2 + 10 + -14 + 1 + 6
79
Evaluate (-1 - 4) + (998 + -1005 - (1 + -93)).
80
What is the value of 36 - ((27 - (30 - 17)) + 111)?
-89
Calculate (-4 - -6 - 6) + -4 - 28 - -13.
-23
-36 + 27 + (-1 - (-2 + -19)) - -1
12
What is 71 - (73 + -4 + 67)?
-65
Evaluate 4 + (122 + -3 + 1 - 1) + (1 - 6).
118
(1259 - 1243) + -2 + -41 + -1
-28
-33 - (4 - (-5 + -1) - (21 - (15 - 11)))
-26
What is the value of 44 + -102 + 56 - (-1 + (58 - (-1 + 2)))?
-58
-68 + 137 + -37 + 74
106
Evaluate -34 - 17 - -11 - -53.
13
Evaluate 2 + -2 - (-1 + -13 + (4 - -118)) - 13.
-121
-38 - 4 - -127 - 102
-17
What is 41 + (-7 + (1 - 1) - (-10 + (-9 - -4)))?
49
Evaluate 9 + -13 + 10 + (-16 - -5) + 14.
9
What is the value of -6 + ((-59 - 3) + (-36 - -43) - -8)?
-53
What is -15 + (34 - 17) - (1 + 1 - (10 + 0))?
10
What is the value of -29 + (-19 - 6) + (-42 - -36)?
-60
-5 - (-5 + 49 + -25)
-24
-1005 + 1029 - (1 - -31)
-8
Calculate -41 + 19 - -30 - -17.
25
(-5 + 8 - 1) + 0 + (-32 + -20 - -36)
-14
Calculate 1 + 12 + 2 + 7 + -52.
-30
Evaluate ((-17 - -13) + 22 - 3) + -99 - -18.
-66
-5782 + 5676 - (0 - 27)
-79
Evaluate 4 + -5 + (-6 - (4 + 28 - 12)).
-27
Evaluate -15 - (-1 + 65 - ((7 - 13) + 18)).
-67
What is -6 + 1 - (-30 + (24 - (31 + -9)))?
23
-50 - (-86 + (21 - -69) - (-5 - 0))
-59
(11 + -8 + -7 - -10) + 0 - (-2 + 58)
-50
-303 + 293 + (0 - (2 - (0 - 0))) + -28
-40
Calculate -24 + (18 - (-18 + 17 + 12)) + 164.
147
What is the value of (-1 - (-1 + -7)) + 39 + -6?
40
Calculate 29 - (-39 + 79 + -98).
87
What is 0 + 2 + 23 + (173 - (85 + 101))?
12
What is 34 + (-37 - 10) - (0 + -22)?
9
-894 + 779 - (-100 + -4)
-11
What is -1 + 4 + (-41 + 21 - -10) + -43?
-50
Evaluate 11 + (-7 - -1) + -7 + (16 - 3).
11
Evaluate 17 + -161 - (34 + 4 + -65).
-117
(18 - (6 + 1) - 7) + 25 + -4
25
What is -17 + -2 - ((16 - (26 + -2)) + 20)?
-31
Evaluate 2796 + -2795 + 0 + 6.
7
Calculate -4 - (2 + 23 - 25 - (4 + 67)).
67
What is the value of -18 - (13 + -39) - 26?
-18
Evaluate 599 - 686 - (-65 + 8).
-30
What is 2 + 3 - (8 - 4) - (32 + 15 + 70)?
-116
Evaluate -70 - (4 - 68) - 77.
-83
What is the value of -49 + (-41 - -48) - -12?
-30
What is -36 - ((-8 - -68 - 26) + -26)?
-44
Evaluate 37 + -3 + -88 + 93.
39
Evaluate 9 + -124 + 0 + -13 - -34.
-94
What is the value of -21 + 55 + -24 + 8?
18
45 - (130 - 69) - 48
-64
Evaluate 42 + (-8 - (73 + -78 - (-7 + -2))).
30
3 + (-3 - -1 - 8) + (60 - (-5 - -2))
56
Evaluate 65 - (-4 - (-1 - 3 - 1 - 5)).
59
Evaluate -1 + 68 - (62 + -31 + -34) - 13.
57
Calculate -60 + -8 + 9 + (-24 - (-20 + 8)).
-71
Evaluate -40 + 2 - 0 - (9875 + -9894).
-19
What is 8 + 5344 + -5362 + 2 + 0 + 1?
-7
Evaluate (-3264 - -3202) + (104 - 0).
42
What is (-5 - (7 + -4) - (37 - 30)) + 6?
-9
What is the value of 13 - (1 + -8 + -5 - 24)?
49
What is (86 - 36) + -41 + (0 - 22) - 10?
-23
Calculate -5 - (-43 + (-5 - (3 + 3 - 20))).
29
Calculate -54 + 53 + (-18 - 7) - 71 - (1 - -9).
-107
-61 - ((-66 - -87) + -11 + -10 + 13)
-74
What is -33 - (81 + -40 + -120)?
46
Evaluate 19 - 35 - (-1 + -8 + 1 + -3).
-5
(-44 - (57 + -41)) + 59
-1
Evaluate -79 - (19 + -5 - 47) - -31.
-15
-69 + 60 + (-23 + 58 - (5 - (1 - -1)))
23
What is (-1 - (2 + -36)) + -75 - -117?
75
What is 21 - -7 - (-11 + -22 - -105)?
-44
Calculate 0 - 22 - (3185 + -3129 + 1 + -61).
-18
What is 34 - -108 - (187 + 54)?
-99
Calculate (17 + -9 - -14) + -13 + (14 - 10).
13
(-22 - -27) + ((-1 + -2 - -2) + 2 - 52)
-46
Calculate 0 + -71 + 23 - (-9 + -20).
-19
Evaluate 18 - (6 + 51 + -19) - -10.
-10
Calculate -472 - -462 - (-60 + -3 - -6).
47
Calculate 24 + (-28 - (-29 + 15)).
10
Evaluate -19 - ((-17 - -1) + -10 + (37 - 15)).
-15
Calculate 1 + 3 + -1 - ((27 + -12 - -3) + -10).
-5
What is the value of 2 + (-11 - -6) + (58 - (9 + -3 - 1))?
50
What is 9 - 3 - (161 + -157) - 97 - -13?
-82
Evaluate -5 - 88 - (-30 - 22).
-41
What is (-78 - (5 - 17)) + 12 - (-8 + 22 + -11)?
-57
Calculate -37 + (-28 - (-107 + 135)).
-93
Evaluate (-43 - -3) + (-67 - -57) + -34.
-84
131 + (-106 - 27 - -66)
64
Calculate -41 - (-6 + 1 - (40 + 17 - 50)).
-29
What is the value of (13 - (59 + -78 + (-58 - -3))) + (1 - 2)?
86
(-3 - -5) + -7 - (-36 + 1 + 97)
-67
-77 + 68 + (-1 + 5 - (2 + (33 - 2)))
-38
What is the value of -6 + 14 + -6 + 45 - (-19 + (26 - -2))?
38
What is the value of -2 + -26 + (5 - (1 + -3 + 10 + 2))?
-33
Calculate -124 - (-93 + -75 + 132).
-88
What is the value of -16 + (3 - -7 - -11) + -25?
-20
(1 - (-3 - -3)) + (5 - (19 + -15))
2
Calculate (-30 - -2) + 2 - 28.
-54
What is the value of -3 - ((-3 - -12) + -21 - -14)?
-5
Evaluate (-8 - -120 - (5 + 14 + -13)) + (13 - 5).
114
(-2 - 45) + (-22 - -76) + (-1 - -2 - 89)
-81
Evaluate -8 + (-10 - (-20 - 1)) + 3 + 10.
16
Evaluate (-15 - -18) + (41 - (-1 + (0 - 0)) - -5).
50
Evaluate 4 + 57 + 30 + -38 + -12.
41
What is the value of (0 - -3 - (-5 + (73 - 34))) + 10?
-21
Evaluate 1 - 24 - (-12 - ((7 - (10 - 11)) + -17)).
-20
What is 24 + -159 + -341 + 334 + (2 - -16)?
-124
Evaluate 0 + -125 + (-8 + -53 - (396 + -464)).
-118
What is (-10 + 8 - 3) + (27 - -6 - -3)?
31
What is the value of 48 + -15 + (-7 - (8 + 8)) - (-60 + 1)?
69
What is (41 - (34 - -76)) + 29?
-40
What is (-3 + -1 - (0 + -4)) + (-640 - -639) - 64?
-65
Evaluate -21 + 116 + -52 + 2 + (2 - 1).
46
What is 5544 - 5589 - (-61 + -1)?
17
What is the value of 0 - 21 - (-71 + (-57 - -112))?
-5
What is -6 - (5 - 16) - (-121 + -3 + 31 + 8)?
90
Calculate 38 + (7 - 5) + (-3 - ((-13 - 0) + 6)).
44
What is (12 - 15 - -41) + -5 + -2 + 15 + -9?
37
Evaluate -33 + (-10 - (15 + -28 + (16 - 2))).
-44
-7 + -1 + (-3440 - -3468)
20
Evaluate (-8 - (-9 - (-30 + 24))) + -10.
-15
What is the value of -11 + -9 + 23 + 31 + 3 + 5?
42
What is -854 + 924 + (2 - 2) + -46?
24
What is -19 - 1 - ((-56 - 16) + 85)?
-33
-21 + (38 - 17) + -19 - -84
65
What is the value of 1085 + -1076 - (-22 - -1)?
30
What is the value of 3 + -31 + 54 + (34 - -7)?
67
-2 - (5 + -5 - -2) - (135 - 177)
38
What is the value of 42 + 55 + -114 - (2 + 80)?
-99
What is the value of 293 + -285 + (-18 + -1 + 0 - (3 + 1))?
-15
What is -14 + (10 + 3 + -10 - -9) + -39?
-41
Calculate 1 - 81 - (-48 + 53 - -39).
-124
Calculate -16 - (9 - 20) - -13 - (19 + 15).
-26
-8 + 19 + -15 + 11 + 34 + -19
22
What is (-5 - (-2 + 23) - -17) + (6 - 7 - 85)?
-95
Calculate -850 - -911 - (2 + -45) - -5.
109
What is the value of 56 - (61 + 25 + -63)?
33
Calculate -107 + -32 - -47 - (2 - 20) - 8.
-82
-17 + (33 - (-72 + 112))
-24
What is the value of 0 + -37 - (12 + -1 - (-28 - -17))?
-59
(1 - 0 - 7) + (-19 - ((-28 - -21) + -14))
-4
Calculate (-166 - (-65 - 153)) + 33 + 1.
86
What is -29 - (-17 + -43) - 18?
13
51 + 35 + 16 + -26 - (-3 + -1 - -3)
77
Calculate 240 - 150 - (27 - -20).
43
Calculate (-129 - (0 - 1)) + ((27 - -48) + -71 - 10).
-134
-102 - (151 - 242) - (-4 + (-4 - -17) + 1)
-21
What is 34 + 49 + -36 + -33?
14
Evaluate (141 - (87 + -29)) + -34.
49
What is (4 - (31 + -16 + -13)) + (37 - -1)?
40
What is the value of 7 - (-55 - (-1 + -16 + 24 - -9))?
78
What is the value of -27 - (566 + -511 - (23 - 1))?
-60
Evaluate -25 + 23 + (-3 - 0) - 37.
-42
(0 - (23 - -2)) + (60 - (7 - -159))
-131
-238 + 236 - (19 - (5 - 1))
-17
Evaluate (-30 - 38) + (104 - 49).
-13
What is the value of -3 + -5 - (12 - ((-5 - -3) + -11))?
-33
What is the value of 36 + -16 - (9 - (-18 + 16 - -55))?
64
(-361 - -303) + 30 + 7 - (1 + -106)
84
Calculate -56 + -37 + 88 - (-94 - 6).
95
What is the value of 24 - 10 - (-172 + 163 - (4 - 74))?
-47
-4 + 0 + 125 + -86 + 12 + -1 - -12
58
Calculate (-13 - (1 - 0)) + (-122 - -36) + 152.
52
Evaluate -120 + (-84 - -151) + -60.
-113
44 - (-40 + 16 + 216 - 43)
-105
-11 - (19 + 18) - -33 - ((-1 - -7) + 0)
-21
Evaluate 6 + 65 + (-30 - -40).
81
What is the value of -23 + 4 - ((-5 - -20) + -9)?
-25
Evaluate 33 + -30 + (5 - 11) + -9 - -47.
35
Calculate 12 + (-53 - 5) - -121.
75
What is (26 + -18 + 3 - 24) + -6?
-19
Calculate 16 - (3